/(-6)*(-1)/(3/(-63)).
32
Suppose -15 = -4*o + 3*o. Calculate the remainder when 174/4*(-28)/(-21) is divided by o.
13
Let w(n) = 11 + n - n + 1 + 5*n. Let m(p) = 2*p + 6. Let b(j) = -7*m(j) + 3*w(j). What is the remainder when 5 is divided by b(9)?
2
What is the remainder when (-5)/10 - (-67)/2 is divided by 6?
3
Let a = 20 + -37. Let n(b) = -2*b. Calculate the remainder when n(a) is divided by 9.
7
Suppose 0 = -5*x + 5, -4*q + 3*x + 120 + 85 = 0. Calculate the remainder when q is divided by 9.
7
Let y = 11 + -7. Suppose -y*r = -3*r - 11. Suppose -o + 21 + r = 0. What is the remainder when o is divided by 11?
10
Let v = -46 + 65. Suppose -3*w = s + 4, -v = -2*s + w + 2*w. Calculate the remainder when s is divided by 4.
1
Suppose 3*s = 5*x - 0*s - 249, 2*s = 5*x - 246. What is the remainder when x is divided by 5*(-10)/8*-4*1?
23
Suppose 0 = -5*w + 161 - 11. Suppose 2*o + n + n = 244, -5*o - n + 590 = 0. What is the remainder when o is divided by w?
27
Let s(o) = -o**2 - 9*o + 3. What is the remainder when s(-6) is divided by 12?
9
Suppose -5*l = -u + 36, 0 = -3*l + 2*l - 1. Let r = -8 - -19. Calculate the remainder when u is divided by r.
9
Suppose 2*j + 0*j = 0. Suppose -2*a - a + 114 = j. What is the remainder when a is divided by 21?
17
Let s(q) = 3*q**2 + 6*q - 16. Calculate the remainder when s(-7) is divided by 18.
17
Suppose 15 - 3 = 4*k. What is the remainder when 5 is divided by k?
2
Suppose t - 108 = -2*t. Suppose y + y = t. Let m = y - 6. Calculate the remainder when 34 is divided by m.
10
Let m = -43 - -9. Let v = m + 50. Suppose -53 - 131 = -4*s. What is the remainder when s is divided by v?
14
Suppose 2*c = g - 15, -5*g - 4*c = -0*g - 5. Suppose -4*n = 3*x - 3*n + 56, 5*x + g*n + 100 = 0. Calculate the remainder when (4/(-3))/(4/x) is divided by 2.
0
What is the remainder when 63 is divided by 230/18 - 3/(27/(-2))?
11
Let k = 6 - -1. Suppose 28 = -q + 2*q + 3*n, -3*q = 5*n - 80. Calculate the remainder when q is divided by k.
4
Let m(h) = -h**2 - 8*h + 23. Let w = 10 - 6. What is the remainder when w is divided by m(-10)?
1
Let p(i) = i**3 + 8*i**2 - 7*i + 7. Calculate the remainder when p(-8) is divided by 11.
8
Let r be -1 + 2*2/2. Let w = r - -13. Calculate the remainder when 26 is divided by w.
12
What is the remainder when 113 is divided by ((-57)/4)/((-30)/80)?
37
Suppose 0 = 2*l - 3*l + 65. Suppose 63 = 4*d + 5*t, -2*t = -t - 3. What is the remainder when l/2 + 3/6 is divided by d?
9
Let k(f) = -f + 8. Let p be 76/18 + (-8)/36. Suppose -6 = -p*g - 2*l, 4*g = -l + 5*l + 36. Calculate the remainder when k(g) is divided by 3.
1
Suppose 8 + 18 = 2*a. Let g = 4 + 19. What is the remainder when g is divided by a?
10
Suppose -2*r + 51 - 11 = 0. Calculate the remainder when r is divided by 11.
9
Let f = -14 + 20. What is the remainder when 21 is divided by f?
3
Suppose -15 = h - 4*h. Suppose h*w = -x + 35, -2*w - 2*w - 3*x = -17. What is the remainder when 31 is divided by w?
7
Let c be -1*99/(-15)*-5. Let u = c - -62. What is the remainder when u is divided by 15?
14
Suppose 4*l - 410 = 2*d, -3*l - d + 477 - 167 = 0. Let c = 227 - l. Suppose c = 5*a - a. Calculate the remainder when a is divided by 11.
9
Calculate the remainder when 207 is divided by (11 + 1)*(-147)/(-42).
39
Suppose -6*l + 569 + 139 = 0. Calculate the remainder when l is divided by 30.
28
Suppose 0 - 14 = -p. Suppose -3*l = -1 - p. Calculate the remainder when 14 is divided by l.
4
Calculate the remainder when (2 - -1)/(15/580) is divided by 9.
8
Suppose 4*i + i = 5. Let c = 10 + i. Let g = 3 - -18. Calculate the remainder when g is divided by c.
10
Let f(s) = -26*s**2 + s. Let y be f(-1). Let w = y + 46. Let d(x) = 2*x**3 + 11*x**2 + 5*x + 7. Calculate the remainder when w is divided by d(-5).
5
Let c(g) = -3*g**3 - 7*g**2 - 7*g + 1. Calculate the remainder when c(-3) is divided by 14.
12
Suppose 0 = -2*n + 5*z + 53, 4*n - 4*z - 39 - 49 = 0. Calculate the remainder when n is divided by 5.
4
Let s(l) = l**3 + 8*l**2 - 14*l - 8. What is the remainder when s(-8) is divided by 21?
20
Suppose 5 = 2*x - 9. Suppose o - 80 = -4*p - 2*o, 3*o - 29 = -p. Suppose -4 + p = w. What is the remainder when w is divided by x?
6
Suppose 4*t = -4*i + 44, t - 1 + 5 = 4*i. Suppose -t = -x + 6. Let l = -47 - -72. What is the remainder when l is divided by x?
11
Let v = 3 + -3. Let w(k) = -k**3 + k**2 - k + 5. What is the remainder when w(v) is divided by 4?
1
Let d(v) = v + 12. Let x(u) = 13*u**2. Let f be x(1). Let t = f - -3. What is the remainder when t is divided by d(-6)?
4
Suppose -3*q + 2 = -7. Let n(m) = 2*m**2 - 7*m + 9. Let i(h) = h**2 - 3*h + 4. Let l(f) = 9*i(f) - 4*n(f). What is the remainder when q is divided by l(1)?
1
Suppose -4*x + 4*g = 7*g, -5*x - 3*g = -3. Suppose x*p + 268 = 2*t + 2*t, 2*t - 136 = 2*p. Calculate the remainder when t is divided by 0 - (0 + 44/(-2)).
20
Let k = 25 + -18. Let u = 3 - 8. Let w = u + 9. Calculate the remainder when k is divided by w.
3
Suppose 3*o + 5 = 8*o. Calculate the remainder when 2/(o/10*4) is divided by 3.
2
Suppose -13 = 4*k - 177. Let g = -90 - -63. Let f = k + g. What is the remainder when 40 is divided by f?
12
Let r(c) = -c**2 - 10*c - 15. Suppose -10 = -5*u + 5. What is the remainder when r(-5) is divided by u?
1
Suppose 7*q - q = 12. Let x be 3 + (-2 - 1*-1). Suppose x*m - m = q. What is the remainder when 5 is divided by m?
1
Suppose 0*r - 420 = -2*r. Suppose r = -4*o + o. What is the remainder when 32 is divided by o/(-6) - 6/9?
10
What is the remainder when 24 is divided by ((-4)/12)/((-1)/39)?
11
Let p(m) = -8*m**3 + m**2 - 2*m - 3. What is the remainder when p(-2) is divided by 18?
15
Suppose 0 = -2*v + 102 - 18. Let s be 107/(-2)*(-2)/1. Suppose 0 = 4*u - s + 19. What is the remainder when v is divided by u?
20
Let g(j) = 2*j**2 - 5*j + 2. Let v = 250 - 242. Calculate the remainder when v is divided by g(3).
3
Calculate the remainder when 1/5 + (-282)/(-15) + 0 is divided by 5.
4
Suppose -5*h + 4*h = -35. Let a = 56 - h. Calculate the remainder when a is divided by ((-2)/6)/((-2)/66).
10
Suppose 0 = -4*j + 2*d - 104, 4*j + 2*d - 41 = -161. Let p = j - -54. What is the remainder when p is divided by 9?
8
Suppose 4*u - 3*m = 26, 2 = -2*m - 2. Suppose 2*n + 4 = x - 5, 17 = -u*n - 3*x. Calculate the remainder when (-145)/(-10) - 2/n is divided by 8.
7
Let q(o) = -o**2 - 6*o - 3. Let l be (-133)/(-14) + 6/(-4). Let j(z) = -z**2 + 10*z - 10. What is the remainder when j(l) is divided by q(-5)?
0
Suppose 50 = 5*q + 5*h, 77 - 21 = 5*q - h. Suppose -q - 1 = -j. What is the remainder when ((-1)/2)/((-1)/46) is divided by j?
11
Suppose -4*q + 20 = 0, 3*l + q - 4*q - 30 = 0. Suppose -24 = r - 82. Calculate the remainder when r is divided by l.
13
Let o(f) = -f**3 + 11*f**2 - 4*f + 5. Calculate the remainder when o(10) is divided by 22.
21
Suppose 5*v - 1 = 9. Let i = 6 - v. Calculate the remainder when 6 is divided by i.
2
Let m(q) = q**3 - q**2 - 2*q + 3. Let i be m(2). Suppose 0 = i*k + 3*x - 27, 3*k - 4*x + 43 = 8*k. Calculate the remainder when k is divided by 3.
1
Suppose -3*t - 15 + 45 = 0. Calculate the remainder when 28 is divided by t.
8
Suppose -3*c = -30 - 54. Calculate the remainder when c is divided by 10.
8
Let m be (-4)/2*200/(-16). Suppose j = m + 7. Suppose -3*p = -5*p + j. Calculate the remainder when 47 is divided by p.
15
Let o = 13 - -4. Suppose -2*k = o - 65. What is the remainder when k is divided by 13?
11
Let c(y) = 2*y**2 - 5*y + 3. Let p(f) = -f**2 - 3*f + 3. Let q be p(-3). Suppose 0*j + 12 = 3*j. What is the remainder when c(q) is divided by j?
2
Let g = -21 - -50. What is the remainder when 56 is divided by g?
27
Let b = 1 + 1. Suppose 2*v - 2*l - 8 = 0, -l + 2*l + 13 = 4*v. What is the remainder when (-8)/(b + -1*v) is divided by 3?
2
Suppose 4*b - 36 = 2*b. Suppose -5*s = -3*s - b. Calculate the remainder when s is divided by 5.
4
Suppose 0 = m - 3*m + 8. Let z(g) = -3*g + 2. Let s be z(2). Let k(u) = -u**2 - 6*u - 5. Calculate the remainder when m is divided by k(s).
1
Calculate the remainder when ((-296)/6)/((-4)/6) is divided by 19.
17
Let r(a) = 13*a**2 - 2*a + 2. Suppose 6*q = 3*q + 51. Calculate the remainder when r(2) is divided by q.
16
Let a = 3 + 26. What is the remainder when 55